 = -d**3 - d**2 + 3*d + 4. Let s(n) = -n**2 - 8*n + 3. Let p be s(-8). Suppose -18*z + 15*z - 4*c = 1, 3*z + p*c + 3 = 0. Calculate x(z).
13
Let t = -53 - -57. Suppose -5*g = -t*v + 2, -3*v - 2*g + 7 = -2*v. Let l(h) = 3*h + 2 + 3*h**2 + 2 + h**2 - h**v - 3. Determine l(5).
-9
Suppose 0 = -8*m + 63 - 31. Let h(p) = m*p**2 + 7*p - 2 + 4*p - 22*p + 9*p. Give h(-2).
18
Let n(x) = 4*x - 3. Let j be n(2). Let k = -260 - -263. Let d(p) = -k*p**3 - 271 - 5*p + 4*p**3 - 2*p**3 + 267 + 2*p**3 - 4*p**2. Calculate d(j).
-4
Let c = -4 + 7. Let g(a) be the first derivative of 5*a**3/3 - a**2/2 - 2*a - 22148. Calculate g(c).
40
Let u(n) be the third derivative of -n**5/60 + 5*n**4/24 + n**3/6 + 2*n**2. Let a be (-50)/(-4)*(-8 - 20/(-2)). Suppose 37*t - a = 32*t. What is u(t)?
1
Let w(h) = 16*h**3 + 46*h**2 + 4*h - 20. Let p(j) = 3*j**3 + 9*j**2 + j - 4. Suppose -271*k = -270*k - 2. Let v(z) = k*w(z) - 11*p(z). Calculate v(-6).
-14
Let y(r) = r**3 + 21*r**2 - 31. Suppose 11*m + 29*m + 504 = 16*m. Give y(m).
-31
Let x(m) be the second derivative of 3*m**3/2 - m**2 + 58*m - 3. Calculate x(2).
16
Suppose 0 = -5*g - 20, -3*a - 46 = 2*g + 43. Let y be (27/6)/(a/(-72)). Let i(o) = 1 - y - o + 10. Give i(-8).
7
Let n(z) = z**2 - 11*z + 24. Let k be (-10)/2 - (-10 + -15 + 13 + 5). What is n(k)?
6
Let d = -7 + 11. Suppose 24*w - 4*m = 23*w - 18, -3*m = -2*w - 11. Let h(b) = 4*b**w - d*b**2 - 6 + 23*b**3 - 22*b**3. Determine h(0).
-6
Let h be (-61)/(-16) - 1116/(-5952). Let j(v) = v**3 - 3*v**2 + 2*v + 5. What is j(h)?
29
Let d be (-2628)/(-42) + (-3)/(-7). Let m(p) = 3*p**3 - d + 7*p**2 + 58 - 4*p**3. What is m(7)?
-5
Let h be (-5)/(5/(-2)) - -7. Let p(z) = 233*z**3 - 6*z + 235*z**3 + 245*z**3 - 2*z - 714*z**3 + 15*z**2 - 5*z**2 - 3. What is p(h)?
6
Let d(l) = -40734 - 6*l - 40738 + 162916 - 40728 - 40730. What is d(7)?
-56
Let u(k) = -3*k - 24. Suppose 710*y - 701*y + 63 = 0. Give u(y).
-3
Let u(y) = 12*y**2 + 501*y + 379. Let v be u(-41). Let o(l) = 4*l + 23. Calculate o(v).
63
Let x(f) = -193*f**3 - 18*f**2 - 18*f + 19. Let c(a) = 89*a**3 + 9*a**2 + 9*a - 9. Let g(j) = 13*c(j) + 6*x(j). Give g(10).
-13
Suppose -7*f + 247 - 240 = 0. Let n(v) = f - 18*v + 21*v - 7. What is n(-5)?
-21
Let i be (5 - -1) + 2*1. Let j be 17/68 + (6/i - 1). Let g(n) = 2*n + 35 - 12 - n - 14. Give g(j).
9
Let f = -22 + 40. Suppose 3*c - 3*n + f = 0, 18 = -3*c + n + n. Let m(d) = 37*d + 3. Let t(l) = -49*l - 2. Let h(x) = -4*m(x) - 3*t(x). Determine h(c).
0
Let r be (-2)/(((-126)/27)/(-14)). Let k(y) = y**3 + 11*y**2 + 30*y + 1. Let j be k(r). Let a(z) = 40*z**3 - z**2 + z. What is a(j)?
40
Let u(o) = o**2 + 5*o + 17. Let d(v) = 2*v + 5. Let g(k) = 5*d(k) - u(k). Suppose 4*h - 9 - 11 = 0. Suppose -14 = l + h*x, -l = -x + 2*x - 2. Determine g(l).
2
Let p(y) = -13*y**3 + y**2. Let d be (-4)/20*5*1. Give p(d).
14
Let q(y) = -y**3 + 9*y**2 - 22*y + 22. Let l be q(6). Let v(f) = f - 2. Determine v(l).
-4
Suppose 5*p - 264 = 4*q - 290, 5*q = p - 20. Let x(g) = 3*g - 16. Calculate x(p).
-46
Suppose -190*i + 147*i = -258. Let f(p) = -p**3 + 9*p**2 - 2*p - 36. What is f(i)?
60
Let z(j) be the first derivative of j**4/4 + 5*j**3/3 - 9*j**2/2 - 11*j - 1119. Calculate z(-6).
7
Let k(y) = -24*y**3 - 2*y**2 - 23*y + 13. Let m(b) = 10*b**3 + b**2 + 9*b - 6. Let u(z) = 2*k(z) + 5*m(z). What is u(2)?
14
Let o be (-15)/3 - (-17 + 10). Suppose o*j - 6 = -2*u, 9*u - 6*u + 26 = 4*j. Let s(d) = -2*d**3 - 3*d**2 - d - 2. Determine s(u).
4
Let r = -95 - -98. Let m(f) = r - 15 + 13*f - 14*f + 3 + 0. Give m(-5).
-4
Let d(r) = r**2 + 1. Let m(s) = 5*s**2 + s - 4. Let b(o) = 6*d(o) + m(o). Let g = -233533 - -233532. Give b(g).
12
Let b = 980 + -970. Let i(h) = 5*h - 54. What is i(b)?
-4
Let z(v) be the third derivative of -v**4/12 - 41*v**3/6 + 3913*v**2. Determine z(-22).
3
Let j(i) = -11*i**2 - 7. Let v(r) = 13*r**2 + 8. Let m(n) = -6*j(n) - 5*v(n). Let g(h) = h**3 + h**2 + h + 3. Let w be g(-2). What is m(w)?
11
Suppose 9*s = 8*s, 0 = -2*f - 4*s + 6. Let n(t) = 9*t**2 - 5. Determine n(f).
76
Let r(m) = -42 - 8*m + 77 - 35. Let k(n) = n + 7. Let b be k(-3). Suppose b*x = -5*g + 3, g + 0*x = -4*x - 9. Give r(g).
-24
Let k(a) = 8*a. Let i be (7 - 8)/((-1)/(-75) - 0). Let g = -74 - i. Give k(g).
8
Let v(c) = c**2 - 18*c + 67. Let q be 42 + 9720/(-225) - (-152)/10. Calculate v(q).
11
Let p(l) = 14*l + 33. Suppose -4*t - 3*z = 10, t - z = -2*z - 2. Let i(r) = 6*r + 17. Let v(c) = t*p(c) + 9*i(c). Determine v(9).
3
Let y(d) be the first derivative of -d**4/4 - 2*d**3 - 3*d**2/2 + 66441. Suppose -5*l + 2*l = 18. Let w = l + 1. Give y(w).
-10
Suppose 3 - 88 = -5*c. Suppose c = -8*p + 73. Suppose 3*n + r + 0*r = p, -2*n + 4*r = 14. Let x(k) = 13*k**2 - k. Give x(n).
12
Let x be (-64)/24*90/(-8). Suppose -6*h + 4*h = -x. Let v(o) = h - 17 - 5*o**2 - 6*o + o**3 + 7*o**2 + 2*o**2. What is v(-5)?
3
Let f(h) = -2*h**2 - 4*h + 1. Let k be f(-3). Let j(z) = 2*z**2 + 2*z + 32. Give j(k).
72
Let r(h) = h + h + 6*h - 9*h - h. Determine r(-2).
4
Let z(f) = 5*f**3 + 3*f**2 - 5*f. Let h be -6*4/(-6)*24/48. Calculate z(h).
42
Let t(m) = -4*m + 2*m**2 - 52301858 + 52301857 + 0*m**2. What is t(2)?
-1
Let z(a) = -a + 5. Let r = 349 - 7. Let k be ((-266)/r)/((-2)/18). Determine z(k).
-2
Let f be (21/(-14))/(22/(-8) - -2). Let v(c) = -3*c - 2*c**2 + 2*c - 3*c**f + 2*c. Give v(1).
-4
Let j(g) be the third derivative of 1/60*g**5 + 0 - 1/4*g**4 + 29*g**2 + 1/3*g**3 + 0*g. Determine j(5).
-3
Let z(b) be the third derivative of -5*b**4/24 + 77*b**3/6 + 1408*b**2. Give z(11).
22
Let o(q) = -2*q**2 + 9*q + 2. Suppose 2*v - u = u + 42, -5*u = -4*v + 84. Let p(b) = -2*b**3 + 44*b**2 - 41*b - 16. Let s be p(v). Give o(s).
-3
Let q(z) = z**3 - 26*z**2 - 43*z + 35. Let b be q(28). Let i(m) = 9*m + 402 - m - b - 2*m**2 + m**2 + 4*m. Give i(11).
14
Let s(n) = 7*n - 18*n**3 - 14*n**3 + n + 45*n**3 - 3 - 12*n**2 - 33*n**3. Let c(g) = -11*g**3 - 7*g**2 + 4*g - 2. Let q(f) = -11*c(f) + 6*s(f). What is q(-3)?
10
Suppose 0 = -b + 3, 0 = -4*z + 3*b - 48 + 15. Let d(l) = -9*l**3 + l**3 + 6 + 50*l + 7*l**3 - 5*l**2 - 45*l - 14. What is d(z)?
-2
Let y(d) = 53*d - 33. Let v(c) = 45*c - 32. Let q(u) = -6*v(u) + 5*y(u). Determine q(7).
-8
Let g be ((-4790)/(-35) - (-1)/7) + 3. Let c be 2/((-7)/(g/72) - -4). Suppose 8 = z + c. Let o(u) = -u**3 + 4*u**2 - u - 2. Calculate o(z).
4
Let w be (35 - 35)/((-10)/2). Let q(p) be the second derivative of 1/6*p**3 + 19/2*p**2 + 0 - 4*p. Determine q(w).
19
Let c(l) = 5*l + 1083. Let d(p) = 4*p + 905. Let i(k) = -5*c(k) + 6*d(k). Give i(26).
-11
Let a(o) = o**2 + 2*o - 2. Let m be 124 + 7 - 8/4. Let n = 133 - m. Suppose 4*q + 7 + n = r, 25 = -5*r. Calculate a(q).
6
Let x(d) be the third derivative of -59*d**2 + 0*d**3 + 3/4*d**4 + 0 + 0*d + 1/30*d**5. Give x(-9).
0
Let w be 512/192*(-3)/(-1). Let n(d) = 11*d - 27. Let s = 10 - 5. Let y(c) = 7*c - 18. Let v(t) = s*n(t) - 8*y(t). What is v(w)?
1
Let c(d) = d**3 + 13*d**2 + 17*d + 60. Suppose -11*u = 149*u + 83*u + 2916. Determine c(u).
0
Let u(a) = -7*a + 2. Let f = -7 + 26. Let n = 22 - f. Let y(l) = 14*l - 5. Let m(c) = n*y(c) + 7*u(c). What is m(2)?
-15
Let t be (48/28)/(2/7). Let o be (t/(-4)*-2)/3. Let x(n) = 0*n**2 - 6*n**2 + n**2 - 2*n**2 - o. Calculate x(-1).
-8
Let d(r) be the third derivative of -r**5/30 - r**4/4 + 17*r**3/6 - 2*r**2 - 195*r + 2. What is d(3)?
-19
Suppose 2*y - 5*y + 2*v - 2 = 0, -v - 4 = -4*y. Suppose -y*b + 14 = -2. Let w(m) = 7*m - 2 - 4 + 4 - b*m. Calculate w(-2).
0
Suppose 3*t + 8 = -4*a, 0*t - 4*a = 4*t + 4. Suppose -t*g = -66 + 58. Let n(r) = 0*r + 9 - g*r + 2*r - r. Give n(0).
9
Let x(c) = -c**3 + 6*c**2 + c + 4. Let o be 20/(-6)*(-18)/(-60)*5. Let i(b) = b**3 + 3*b**2 - 9*b + 11. Let t be i(o). What is x(t)?
10
Let m be 1 + 48 - 3/(3/(-2)). Let s = m - 46. Let q(h) = s*h**3 - h + 9*h**3 - 2 - 13*h**3. Determine q(2).
4
Let k(j) = j**2 - 5*j - 11. Suppose -86*u = -71*u - 630. Let b be (-7)/(u/60)*(-3)/6. Calculate k(b).
-11
Let q(i) be the third derivative of i**6/120 - 7*i**5/60 + i**4/4 - 2*i**3/3 + 306*i**2 - 2. Give q(6).
-4
Let a(h) = 10*h + 38. Let f = -4905 + 4885. What is a(f)?
-162
Suppose 65 = 5*r + 3*k, -2*r + 57 = 5*k + 12. Suppose 0 = -5*h + 25 - r. Let w(x) = -x + h*x - x + x + 5. Give w(-5).
-5
Let q(b) be the second derivative o